 c.
4
Suppose 3*f - 32 = -4*p + 21, -5*f - 4*p = -99. Calculate the remainder when 2449 is divided by f.
11
Suppose -4*t = x - 188, x - 124 + 30 = -2*t. What is the remainder when 10291 is divided by t?
45
Suppose 4*b + 14*m = 11*m + 4442, -12*b + 3*m = -13254. Calculate the remainder when b is divided by 218.
16
Suppose -262*z + 278*z - 2824 = 3336. What is the remainder when z is divided by 44?
33
What is the remainder when 4728 is divided by 342/8 + -1 + (-5 - 275/(-44))?
41
Let p = -4331 + 5390. Calculate the remainder when p is divided by 21.
9
What is the remainder when 1025 is divided by (-100 + -62)*3/(-9)?
53
What is the remainder when 1723 is divided by (-2 + -1 + 47)*24/(-32)*-3?
40
Calculate the remainder when 340/(-8)*152/(-95) is divided by (-6*40/(-64))/((-6)/(-16)).
8
Calculate the remainder when 1041 is divided by 1026/16 + (-2)/((-5 - -133)/8).
17
Let m = -95 + 102. What is the remainder when 4*(1 + (-85)/(-4)) is divided by (-3)/m + 2132/91?
20
Let r be (17786/17)/2 - 18/153. Let h = r + -503. Calculate the remainder when 81 is divided by h.
1
Suppose 3*w + 0*u - 93 = -4*u, 2*u + 75 = 3*w. Calculate the remainder when ((-106)/8)/((-78)/24 + 3) is divided by w.
26
Suppose -141*a = -123*a - 92538. What is the remainder when a is divided by 33?
26
Suppose -36*d + 41*d - 130 = 0. Suppose 12*p - 19*p + 392 = 0. Calculate the remainder when p is divided by d.
4
Let k be 164/12*18/3. Let f = 105 - k. Calculate the remainder when (-44*(-4)/(-4))/((-2)/4) is divided by f.
19
Suppose -56*w = 171*w - 29807 - 19906. What is the remainder when w is divided by 40?
19
Let q = 171120 - 170508. Let d(w) = -11*w - 3. What is the remainder when q is divided by d(-4)?
38
Let k = -3 + -3. Let d(v) = -v**2 - 5*v + 10. Let u be d(k). Calculate the remainder when 51 is divided by (2 - (u - 1)) + (-38)/(-2).
15
Suppose i + 5*b = 25, 282*b = 284*b + 4. Calculate the remainder when 2236 is divided by i.
31
Calculate the remainder when 11/((-550)/(-4870)) + 2/(-5) is divided by 44.
9
Suppose -219664 = -62*t + 166224. Calculate the remainder when t is divided by 11.
9
Let g = -423 + -451. Let q = g - -1079. What is the remainder when q is divided by 14?
9
Suppose 413 = -18*g + 1259. Calculate the remainder when g is divided by (12 - 9)*(-16)/(-6).
7
Let q = -2490 + 2518. What is the remainder when 455 is divided by q?
7
Suppose 3*k + r = 6, -2*k = 7*r - 3*r - 14. Let g(a) = 7*a**3 - 35*a**2 + 7*a - 32. What is the remainder when (2 + k + 0)*1 is divided by g(5)?
0
Suppose -1433*l + 1432*l + 19 = 0. Calculate the remainder when (-12)/((-9)/84*2) is divided by l.
18
Let h(k) = -27*k - 126. Let n(z) = 12*z + 63. Let q(v) = 3*h(v) + 7*n(v). What is the remainder when 30 is divided by q(-17)?
6
Let o(c) = 24*c**2 + 4*c + 2. Let m(s) = 2*s - 4 + 0 - 9 + 0. Let l be m(6). Calculate the remainder when 59 is divided by o(l).
15
Suppose -245*v + 188335 + 2044 = -4886. Calculate the remainder when v is divided by 114.
113
Let r(c) = 2*c**3 + 12*c**2 - 16*c - 6. Let p be r(-7). Calculate the remainder when 157 is divided by p + -22 + 7 + 12.
2
Let h = -4373 - -6197. What is the remainder when h is divided by 203?
200
Let t(a) = a**3 + a**2 - 306*a + 36. Calculate the remainder when 519 is divided by t(-18).
15
Let g = -9001 + 9358. Calculate the remainder when g is divided by 83.
25
Suppose 0 = -4*b + 141 + 35. Let a = b - 40. Suppose -2*k - q = -3*q - 10, -k = a*q - 10. Calculate the remainder when 16 is divided by k.
4
Let w = -21 - -34. Let k = -27 + 41. Suppose k*v = 18*v - 12. What is the remainder when w is divided by v?
1
What is the remainder when 18284/18 + 36/162 is divided by 14?
8
Let d = -38 - -62. Let m(y) = 7*y**2 + 18*y - 7. Let q be m(-9). Suppose -q*k = -399*k + 5. What is the remainder when d is divided by k?
4
Let f(y) = y**3 + 11*y**2 - 143*y - 1365. What is the remainder when 993 is divided by f(-10)?
3
What is the remainder when 1283 is divided by (-11 + 8)*7 - -427?
65
Suppose 0 = d - 1 - 7. Calculate the remainder when 6/(-4)*(d - 3088/24) is divided by 26.
25
Suppose -4 + 16 = 4*l, 3*l - 591 = -2*c. What is the remainder when c is divided by 39/(1053/2781) + -54?
46
Suppose 0 = -5*m - 2*a + 12158, 4 = a - 0. Suppose -36*u + 6*u + m = 0. Calculate the remainder when u is divided by 26.
3
Let u(a) = -a**2 + a. Let z be u(1). Suppose -3*r = -z - 72. What is the remainder when r is divided by (6/(-8))/(12/(-186) + 1710/156240)?
10
Let r(h) = 2*h**3 - 3*h**2 - 54*h - 16. Calculate the remainder when 435 is divided by r(7).
0
Let n(x) = 3*x - 9. Let h be n(3). Suppose t + 2*p - 142 = h, -t - 4*p = -4*t + 476. Let b = t - 88. What is the remainder when b is divided by 13?
12
Let m(v) = -v**2 + 4*v + 57. Let j be m(10). What is the remainder when (1 - -2)*(-37)/(-3) is divided by (-16*j/15)/(14/35)?
5
Let v = 104 + -102. Suppose 0 = -v*a + 10. Suppose -875 = -a*d - 2*d. Calculate the remainder when d is divided by 16.
13
Let o = 29 + -50. Let a(b) = b**3 + 21*b**2 - b - 19. Let t be a(o). Suppose 0 = 3*m - t*r - 74, -3*r = -r + 8. What is the remainder when 86 is divided by m?
20
Let h = 28 + -16. Suppose -33535 = 280*v - 123695. What is the remainder when v is divided by h?
10
Let r = 55 - 101. Calculate the remainder when (37 + -1)*r/(-8) is divided by 16.
15
Let a(k) = 2*k**2 - 10*k - 1. Let f(m) = 2*m**2 - 12*m - 2. Let t(q) = 4*a(q) - 3*f(q). Calculate the remainder when 155 is divided by t(-3).
27
Calculate the remainder when 239 is divided by 358/10 + (-22)/(-10).
11
Suppose 17*b - 8 = 16*b. Suppose 3*r - 4*g - 9 = 0, 4*g + 4 = -b. Calculate the remainder when (-1 + r - -2) + 45 + -2 is divided by 9.
7
Let q = -492 - -2366. Calculate the remainder when q is divided by 25.
24
What is the remainder when (-8)/1 - (-476 + (-1 - -3)) is divided by 15?
1
Suppose 0 = 1991*r - 1984*r - 2247. What is the remainder when r is divided by 97?
30
Let v(u) = 14 + 12*u**2 - 4 + 46*u**2 - 7*u - 9. What is the remainder when v(-1) is divided by 24?
18
Suppose 182 = m - 4*l, -11*m + 10*m + 12*l = -158. Calculate the remainder when m is divided by 67.
60
Let c(q) = -2*q**3 - 38*q**2 + 318*q + 6. Let s(f) = -f**3 - 4*f**2 - 3*f - 1. What is the remainder when c(6) is divided by s(-5)?
36
Let u(m) = -3*m**3 - 4*m**2 - 10*m + 44. Calculate the remainder when u(-6) is divided by 35.
13
Let z(g) = 32*g**2 + 34*g + 54. What is the remainder when 2041 is divided by z(-2)?
103
Let i(q) = -28*q - 407. What is the remainder when i(-19) is divided by 5 - (-1 + 0/(-3))?
5
Suppose -38*h = -39*h + 187. Calculate the remainder when 189 is divided by h.
2
Let w be 5 - 4 - (-8 - -6). Suppose 0 = 5*o + 5*q - 155, -8*q + 3*q - 109 = -w*o. Calculate the remainder when 38 is divided by o.
5
Suppose -45*g + 39*g + 12 = 0. Suppose 6*h - h = g*w + 87, -5*h = -3*w - 83. Calculate the remainder when 86 is divided by h.
10
Let x = -5318 - -5439. Calculate the remainder when x is divided by 113.
8
Calculate the remainder when 587 is divided by (-19503)/(-985)*(4 - -1).
92
Let q = -8799 - -8898. What is the remainder when 284 is divided by q?
86
Suppose 2*u = -5*b + 409 + 153, 2*b - 4*u = 220. Calculate the remainder when 1119 is divided by b.
111
Let s(h) = -7*h + 5. Let x be s(-1). Calculate the remainder when 1452/72 + (-2)/x is divided by 8.
4
Suppose -188*k = 31*k - 1412769. Calculate the remainder when k is divided by 7.
4
Let g(i) = 4*i + 4. Let z = 16 + -10. Calculate the remainder when (-214)/2033 - (-8382)/209 is divided by g(z).
12
Suppose -2*y + p = -7, -2*p + 0*p = 4*y - 18. Suppose 0 = y*g + v - 106 - 25, 4*g - 5*v - 113 = 0. Calculate the remainder when 51 is divided by g.
19
Let p(r) = -4*r**2 - 134*r - 48. What is the remainder when 68 is divided by p(-33)?
14
Let j(o) = o**2 + 4*o - 1. Let w be j(-4). Calculate the remainder when (-1384)/(-1211) + 1132/14 is divided by (-2)/(w + (-15)/(-17)).
14
Let q(f) be the second derivative of -2*f**4/3 + 7*f**3 + f**2 + 101*f. Calculate the remainder when 67 is divided by q(5).
7
Let n(m) = -m**3 + 16*m**2 + 35*m + 17. Let v be n(18). What is the remainder when (-6)/(-33)*v + (-2868)/(-44) is divided by 22?
21
Calculate the remainder when (1/2 - 0)/(35/3010) is divided by 16.
11
Suppose 0 = 263*r - 260*r - 4680. Calculate the 